3133 (base 4) to base 15
20bbd
-1100110111110010101100 (base 2) to base 5
-1330434002
What is 1568499 (base 10) in base 13?
42bc0a
What is 77c55 (base 16) in base 12?
1b7a99
Convert 222220112012 (base 3) to base 2.
10000001010011100101
Convert 9e453 (base 15) to base 14.
d1897
-21514051 (base 6) to base 7
-5335021
174669 (base 10) to base 5
21042134
1110111000101111010101 (base 2) to base 15
521416
What is 1434341141 (base 5) in base 3?
21012022021212
-111540543 (base 6) to base 16
-1f49af
-1111200012 (base 4) to base 5
-42201324
What is 558773 (base 11) in base 3?
1200012220021
What is -71a05a (base 14) in base 6?
-214034424
What is 87638 (base 13) in base 4?
323303000
What is 1323722 (base 8) in base 5?
43330032
What is 15133 (base 8) in base 10?
6747
Convert -11068 (base 9) to base 5.
-213402
Convert -14176 (base 13) to base 6.
-450051
-30cc76 (base 13) to base 2
-100010110111001100000
101110101101110001111110 (base 2) to base 10
12246142
-14bb94 (base 12) to base 3
-122220111211
What is -215541241 (base 6) in base 10?
-3916825
What is 1000011111100010110111 (base 2) in base 8?
10374267
Convert -93304 (base 10) to base 8.
-266170
Convert 100110202011000 (base 3) to base 10.
5033853
59042 (base 11) to base 2
10100110011101110
What is 4592 (base 12) in base 3?
101121202
What is -2dbbde (base 15) in base 7?
-24561431
What is -175822 (base 12) in base 16?
-6295a
What is -50a971 (base 14) in base 12?
-ab11b3
Convert -44771 (base 8) to base 3.
-221222101
What is 101110101110011000000110 (base 2) in base 15?
111e322
37246 (base 8) to base 2
11111010100110
Convert -14277101 (base 8) to base 4.
-30113321001
110011000100110010 (base 2) to base 5
23143302
13ab49 (base 13) to base 8
1653142
Convert -101110100001010010 (base 2) to base 3.
-100200101021
Convert -25125314 (base 6) to base 10.
-804718
What is 304034214 (base 5) in base 14?
242a37
-2434111 (base 7) to base 8
-1137566
Convert -105464 (base 10) to base 5.
-11333324
Convert 1549b (base 13) to base 11.
28352
Convert 105221200 (base 6) to base 10.
1931328
112021222011210 (base 3) to base 10
7597038
123401435 (base 6) to base 5
1104122233
What is 5b1b79 (base 13) in base 14?
4087c4
Convert -22112120022 (base 3) to base 12.
-8132b
1706a3 (base 15) to base 9
2078750
146645 (base 9) to base 14
24c26
What is -462065 (base 8) in base 15?
-31685
Convert 12223a (base 11) to base 16.
2f300
What is 2c6a1a (base 15) in base 6?
114020011
Convert -367722 (base 9) to base 10.
-222203
36430012 (base 8) to base 10
8007690
What is -140342 (base 6) in base 15?
-3d2e
What is -a5047 (base 13) in base 2?
-1001000011011001110
What is -1350513 (base 10) in base 16?
-149b71
Convert -39bd56 (base 16) to base 15.
-4eb2d2
What is 547025 (base 8) in base 16?
2ce15
Convert 1121225 (base 7) to base 13.
4b797
What is 1052103 (base 6) in base 2?
1101000101100111
What is -1220111211 (base 3) in base 7?
-214324
Convert 6253ec (base 15) to base 13.
c79044
10221214 (base 5) to base 11
59519
What is -229606 (base 10) in base 8?
-700346
Convert -c9bfe (base 16) to base 8.
-3115776
-1552305 (base 8) to base 7
-3543130
What is 894393 (base 10) in base 13?
254136
What is 39065 (base 13) in base 12?
510ab
What is -45424250 (base 7) in base 14?
-74d960
67530 (base 10) to base 9
112563
Convert -56027 (base 11) to base 4.
-103311010
2c738 (base 15) to base 11
987a4
Convert 1e27 (base 16) to base 2.
1111000100111
What is -784264 (base 9) in base 16?
-727e7
213231121 (base 4) to base 13
59056
What is -387367 (base 9) in base 12?
-b402a
Convert -11221200112 (base 3) to base 9.
-157615
366da (base 14) to base 7
1062663
Convert -1520b6 (base 15) to base 16.
-f8e1d
What is -10387354 (base 9) in base 6?
-255315251
What is 1217d (base 14) in base 2?
1010110010110011
What is 119964 (base 10) in base 6?
2323220
2630762 (base 10) to base 15
36e742
Convert -21112123030 (base 4) to base 8.
-11263314
-d08dd (base 15) to base 6
-22052101
-6da9 (base 16) to base 10
-28073
1101000110111111101100 (base 2) to base 10
3436524
Convert -21316143 (base 7) to base 14.
-355223
What is 1100001000110 (base 2) in base 4?
1201012
What is 20100322201 (base 4) in base 12?
885881
What is 121033302120 (base 4) in base 14?
c43c92
-102012210021 (base 3) to base 15
-45607
131203340 (base 5) to base 14
12bcad
What is -10000000010101001 (base 2) in base 12?
-32035
-98660 (base 16) to base 13
-18b183
-b49b1 (base 15) to base 4
-2023302112
Convert 2606225 (base 7) to base 16.
5298b
dc644 (base 16) to base 2
11011100011001000100
Convert 42453631 (base 7) to base 12.
1261194
Convert 130431304 (base 5) to base 2.
10011100001001011011
Convert -55539 (base 11) to base 3.
-11002102202
Convert -17101 (base 15) to base 12.
-37124
-1da7d (base 16) to base 13
-4339a
124191 (base 11) to base 2
101111110100100110
What is 47340 (base 9) in base 2?
111101110001010
Convert -1001110011010001111111 (base 2) to base 11.
-14a5427
Convert 38f1f1 (base 16) to base 11.
2119965
Convert -141232 (base 13) to base 3.
-220210120021
What is -65224 (base 10) in base 12?
-318b4
583a81 (base 14) to base 4
23132010201
Convert 2443233030 (base 5) to base 11.
3327177
-24005767 (base 9) to base 14
-17a654b
What is 4673 (base 8) in base 10?
2491
Convert -2c1a (base 14) to base 13.
-376c
What is -8cc6bc (base 13) in base 6?
-155333441
What is -60fd2 (base 16) in base 10?
-397266
a1186 (base 11) to base 4
210013310
Convert -6311c (base 14) to base 15.
-4ac00
Convert 4c4d8 (base 16) to base 8.
1142330
-20010530 (base 6) to base 16
-890d6
What is 2249c (base 16) in base 14?
3927a
-147232 (base 8) to base 10
-52890
Convert 59360 (base 14) to base 11.
139410
What is 275a61 (base 12) in base 11?
406649
What is 892 (base 16) in base 5?
32234
Convert 113212232102 (base 4) to base 14.
b71106
What is -2969 (base 10) in base 15?
-d2e
-1889345 (base 10) to base 2
-111001101010001000001
What is -33111121 (base 4) in base 12?
-30421
What is 3313144202 (base 5) in base 10?
7162427
What is 1545335 (base 11) in base 13?
716994
What is 5521066 (base 7) in base 10?
677473
-eae5 (base 15) to base 11
-34396
What is 1100011010101100 (base 2) in base 13?
1a1c4
Convert -455d2 (base 14) to base 9.
-276175
What is 20033012 (base 6) in base 14?
109996
-1520861 (base 9) to base 14
-17c447
-1110020012 (base 3) to base 5
-1403343
What is d190 (base 14) in base 13?
134ca
1111011001010111010 (base 2) to base 10
504506
What is 293200 (base 10) in base 12?
121814
1101011000111011100 (base 2) to base 14
b5c72
What is -30c889 (base 13) in base 2?
-100010110101111001100
-39691 (base 16) to base 4
-321122101
-143213423 (base 5) to base 3
-1102110220111
231a36 (base 12) to base 10
563082
100395 (base 14) to base 3
1000100202001
What is 44435454 (base 6) in base 12?
548b8a
What is -2b7a806 (base 13) in base 3?
-222021022000122
What is -111112202202012 (base 3) in base 5?
-3320340140
Convert -233acd (base 14) to base 6.
-41425233
What is -201201120120 (base 3) in base 5?
-44410443
-7d7ac (base 15) to base 11
-253575
Convert 107a4a (base 11) to base 6.
3402332
Convert 238241 (base 9) to base 12.
6b284
Convert 2140636 (base 9) to base 3.
2011100201020
What is -2434311412 (base 5) in base 12?
-1b26615
What is 27864 (base 15) in base 12?
61441
-104204002 (base 5) to base 11
-294570
What is 47879 (base 10) in base 11?
32a77
What is 13a109 (base 14) in base 2?
10100110001100001101
Convert 506344 (base 10) to base 12.
205034
What is bb723 (base 12) in base 15?
4d7c9
What is -1001101011111101001 (base 2) in base 13?
-b1629
What is 5461477 (base 8) in base 2?
101100110001100111111
14250003 (base 6) to base 12
1b6903
Convert -79790 (base 11) to base 15.
-242e2
Convert 1030535524 (base 6) to base 16.
a7428c
What is 1247130 (base 8) in base 4?
1110321120
What is -336411 (base 7) in base 15?
-12b26
What is 300965 (base 12) in base 4?
2312211131
-2235752 (base 12) to base 8
-30750356
What is -2178572 (base 11) in base 12?
-13415a0
Convert -4032030024 (base 5) to base 4.
-132310222032
Convert 231502402 (base 6) to base 16.
4162e2
Convert -2210234144 (base 5) to base 10.
-4774299
What is 448c7d (base 16) in base 2?
10001001000110001111101
Convert 16a39 (base 14) to base 12.
28b0b
-101211020122022 (base 3) to base 11
-3279853
-1010101101011001100011 (base 2) to base 